+ 4/((-4)/d). Calculate the greatest common divisor of 4 and v.
1
Let z(o) = -2*o**3 + 19*o**2 - 4*o - 35. Let t be z(9). Let v be 1*-120*(-3)/2. What is the greatest common divisor of v and t?
10
Suppose 74 = d + 3*h, -5*d - h + 9 = -361. Suppose 3*j - 449 = -d. What is the greatest common divisor of j and 5?
5
Let l be 632/7 + (-4)/14. Suppose -7*p - 19*p = 130. Let k be (p + 0)*142/(-71). What is the highest common divisor of k and l?
10
Let j(s) = 2*s + 75. Let b be j(50). What is the highest common divisor of b and 4760?
35
Suppose -140344 = -24*l - 127192. What is the greatest common divisor of l and 8?
4
Let s(g) = 80*g - 64. Let v be s(10). Let x = v + -624. Let q(k) = -17*k**3 - k**2 - k - 1. Let r be q(-1). Calculate the greatest common divisor of x and r.
16
Suppose 83*k + 134*k - 4955 - 11320 = 0. What is the highest common factor of 33675 and k?
75
Suppose 603*g = 607*g - 60. Let b = g + 10. Calculate the highest common factor of b and 425.
25
Suppose 673 - 1905 = -18*o + 820. Let u = 4 + 2. Calculate the greatest common divisor of o and u.
6
Suppose 0 = 4*s - 4*x - 68, -60 = -4*s - 3*x + 29. Let j be (1 - 65)*(-20)/8. Calculate the highest common factor of s and j.
20
Let a be (-42)/(-6) + 12 + 3. Calculate the greatest common factor of a and 10142.
22
Let o be (14/(-4))/(4/(-8)). Suppose -5*p + 241 = 2*k, o*k + 3*p + 281 = 9*k. Calculate the greatest common factor of 38 and k.
19
Suppose -16 = -2*q - 0*q. Let x(h) = h**2 + 63*h - 23376. Let p be x(-188). Calculate the greatest common divisor of p and q.
4
Let r = 8014 + -7768. Calculate the greatest common divisor of r and 12.
6
Suppose -3*u = 3, 90 = -3*g - 3*u + 6*u. Let l = g - -45. Let h be 0 + (763/l - 1/(-2)). Calculate the highest common divisor of h and 11.
11
Let m(s) = -s**3 + 29*s**2 - 156*s + 2034. Let i be m(26). Calculate the highest common factor of 39 and i.
3
Suppose 30*d - 29*d + 2*u = 242, 2*d - 3*u = 512. Calculate the greatest common divisor of 125 and d.
125
Suppose -2066 - 13378 = -22*q. What is the greatest common factor of q and 6006?
78
Let m(a) = 42*a + 2. Let w be m(-4). Let p = -118 - w. Suppose -67*f = -31*f - 515 + 83. Calculate the greatest common divisor of p and f.
12
Let h be 2*6/4 + -1. Suppose h*m - 2 - 18 = 0. Let d be 84/49*105/2. What is the highest common factor of m and d?
10
Let k = 589 - 570. Suppose -49 = -2*m + 4*y + k, y + 32 = m. What is the highest common divisor of m and 60?
30
Suppose 1275*j - 1278*j - 2*k = -451, -2*j - 2*k + 298 = 0. Calculate the highest common divisor of 2669 and j.
17
Let d = -4056 + 5976. What is the highest common divisor of d and 448?
64
Let r(y) = 3*y**2 + 12*y + 12. Suppose -3*h = -0*h + 12. Let n be r(h). Let k be (n - -8) + 8/(-2). What is the greatest common divisor of 12 and k?
4
Suppose -5*z - 5*d = -310, -116 = -5*z + 4*d + 176. Suppose 0 = 3*o - z - 36. Calculate the greatest common divisor of o and 4.
4
Let f(m) = 2*m**3 - 77*m**2 - 2*m + 206. Let r be f(39). Calculate the highest common factor of r and 97.
97
Suppose -j = -10*j + 8686 + 9674. Calculate the greatest common divisor of 34 and j.
34
Let l be 2/((-216)/114 - -2) - -11. Calculate the greatest common divisor of l and 16620.
30
Let z(u) = -13*u + 109. Let a(d) = -d + 1. Let s(b) = 3*a(b) - z(b). Let h be s(19). Calculate the highest common divisor of h and 36.
12
Let n(h) = 5*h + 48. Let l be (-10)/(-4)*396/165. Let f be n(l). What is the greatest common factor of 6 and f?
6
Suppose 6*d - 18*d + 1920 = 0. Suppose 39*p = 19*p + d. What is the greatest common factor of p and 64?
8
Let t be ((-2)/3)/(1/3). Let l(a) = -10*a - 7. Let d(s) = 21*s + 15. Let p(i) = 4*d(i) + 9*l(i). Let z be p(t). Calculate the highest common factor of 6 and z.
3
Suppose -3*u + 3*q + 12733 - 1552 = 0, -2*u - 3*q + 7459 = 0. What is the highest common factor of 16 and u?
16
Let o be 1/(426/(-12070)*(-2)/12). Calculate the greatest common divisor of 34 and o.
34
Suppose 0 = -71*q + 102*q - 2480. What is the greatest common factor of 288 and q?
16
Let y be (-22)/8 + (-552)/(-736) - (-666 + -1). What is the greatest common factor of y and 1463?
133
Suppose -6 = -2*s, 8*d - 12*d - 5*s = -983. Calculate the highest common factor of 154 and d.
22
Suppose -20 = -4*z - 3*f + 15, 0 = -5*z - 3*f + 43. Let i be 4 + (6 + 66)/z. Calculate the greatest common divisor of i and 169.
13
Let v(q) = 891*q + 79. Let n be v(2). Let o = n + -1309. What is the greatest common factor of 24 and o?
24
Let w be (-2 + 8/10)/(3/(-210)). Calculate the highest common factor of 3444 and w.
84
Let m = 316 + 244. What is the highest common divisor of 336 and m?
112
Let w = 1860 + -1482. What is the greatest common factor of w and 270?
54
Suppose 14*c + 11500 = -11*c. Let x = c - -724. Calculate the greatest common factor of 24 and x.
24
Suppose 326*d - 10440 = 290*d. Calculate the greatest common factor of d and 348.
58
Let r(w) = w**3 + 4*w**2 + w + 4. Let x be r(-5). Let s = 1 - x. Suppose -26*p - 16 = -s*p. What is the greatest common factor of 176 and p?
16
Let n(i) = 19*i**2 - 256*i - 51. Let y be n(15). What is the highest common factor of 720 and y?
48
Let c = -8070 - -11612. Calculate the greatest common factor of 184 and c.
46
Let q(k) = 4*k**2 + 84*k + 20. Let j be q(-21). Calculate the highest common divisor of 1460 and j.
20
Suppose 2*l - 3*q - 194 - 143 = 0, 345 = 2*l + 5*q. Suppose -l = -39*b + 1819. Calculate the highest common factor of 221 and b.
17
Let h(u) = u**3 + 32*u**2 + 61*u + 32. Let x be h(-30). Suppose x*z - 20 = 46. What is the highest common factor of z and 165?
33
Let d be 152/(-19) + -192*4/(-6). What is the highest common divisor of d and 1152?
24
Suppose 9*s = 3*s + 174. Let b be (-72)/60*2860/(-3). Suppose 0*q - 3*k = q - 244, -5*q + 4*k = -b. Calculate the greatest common divisor of s and q.
29
Suppose 189 + 519 = 36*b + 60. What is the highest common factor of 13626 and b?
18
Let r(s) = 0*s - 2 - 104*s**2 - s + 129*s**2. Let v = 19 + -20. Let a be r(v). What is the highest common divisor of a and 3?
3
Let a(j) = 350*j**2 - 5*j + 12. Let z be a(1). What is the greatest common factor of z and 1197?
21
Let d(i) = 2*i**2 + 2. Let n be d(5). Suppose 743 = 46*c - 3093 + 248. What is the highest common divisor of n and c?
26
Suppose -5366 - 8720 = -117*r - 5428. Calculate the greatest common divisor of 592 and r.
74
Suppose -35*s + 455 = 26*s - 2107. What is the greatest common factor of s and 910?
14
Suppose 0*d - 5*d + 1239 = -2*w, -241 = -d - 3*w. Let t(s) = -s**3 + 32*s**2 - 32*s + 69. Let n be t(31). Calculate the greatest common factor of d and n.
19
Let y be ((-34)/30*-18)/(15/5300). What is the greatest common factor of 1224 and y?
136
Suppose 2*k - 2*h - 102 = 0, -146 - 2 = -4*k - 4*h. Calculate the highest common factor of 77 and k.
11
Let r(d) = 2*d**2 + 7*d - 6. Let n be r(-6). Let v(l) = l**2 - 10*l + 15. Let h be v(9). Calculate the greatest common divisor of h and n.
6
Let p be (0 - -147)*((-36180)/(-324) - 2/6). Calculate the greatest common factor of p and 98.
98
Suppose 5*m = 5*c - 5, -2*c - m = 3*m - 26. Let r = -60 - -175. What is the greatest common factor of r and c?
5
Let o(n) = 3*n**3 - n**2 + 2*n + 3. Let a be o(-2). Let v be 65 - ((-90)/21 - (61/7 - 9)). Let c = a + v. Calculate the greatest common divisor of c and 20.
20
Let k = -15882 - -28394. What is the highest common divisor of k and 17?
17
Let r = -241 + 313. Let m be 7792/r - 4/18. Calculate the greatest common divisor of 12 and m.
12
Suppose -2*s - u + 2 = 1, -5*s - u = -7. Let i(f) = 5*f + 7. Let m be i(s). Let v be (-621)/(-12) - (-3)/(-4). Calculate the greatest common factor of m and v.
17
Let w(k) = 179*k + 18*k**2 + 2*k**3 - 542*k + 186*k - 1 + 181*k. Let h be w(-8). What is the greatest common divisor of 133 and h?
19
Suppose 0 = -t - t + 3*j + 51, -5*j - 120 = -5*t. Suppose 0 = 43*d + 27*d - 14700. Calculate the highest common factor of d and t.
21
Let j be (-4)/2 + 2 - ((-71820)/(-15))/(-14). Calculate the greatest common divisor of j and 126.
18
Let g = 39 - 52. Let v be g/(-65) + 59/5. Calculate the greatest common divisor of 48 and v.
12
Let v(o) = -o**3 - 12*o**2 + 7*o - 112. Let i be v(-13). Let b be (-238)/i - (-1 - 315). Calculate the highest common factor of 5